hat is 1101 + -1?
1100
In base 7, what is 11 + -10?
1
In base 8, what is 10 - -5?
15
In base 9, what is 166 - 242?
-65
In base 12, what is 207 - 5?
202
In base 14, what is -3c0 - b?
-3cb
In base 9, what is -1 - 127?
-128
In base 5, what is -1442 - 0?
-1442
In base 16, what is -340 - 5?
-345
In base 8, what is 4 - 77?
-73
In base 15, what is 5d8 + 0?
5d8
In base 5, what is -411 - 10?
-421
In base 8, what is -1 + -100?
-101
In base 14, what is -1a + -301?
-31b
In base 12, what is -2 - 13?
-15
In base 12, what is -31bb + -2?
-3201
In base 3, what is 220 - -10?
1000
In base 10, what is 4449 + 9?
4458
In base 12, what is 16 + 10?
26
In base 16, what is 5e - 12?
4c
In base 11, what is -8 - -10?
3
In base 7, what is -14 - -56?
42
In base 3, what is 11 - -101?
112
In base 10, what is 334 - 1?
333
In base 8, what is -11 + -1072?
-1103
In base 2, what is 1100010010 - 100?
1100001110
In base 3, what is -20121 + 2?
-20112
In base 6, what is 243 - 13?
230
In base 13, what is -85 - -9?
-79
In base 9, what is 3 - 1005?
-1002
In base 12, what is 3 + 33?
36
In base 13, what is 9 + -20?
-14
In base 5, what is 23 - -122?
200
In base 3, what is -2210 + 1100?
-1110
In base 5, what is -11 - 30412?
-30423
In base 15, what is -3 + 8?
5
In base 2, what is 101 + 100110?
101011
In base 8, what is -6 + 34?
26
In base 5, what is -4334311 + -3?
-4334314
In base 7, what is -223 + -5?
-231
In base 8, what is -26 - -211?
163
In base 9, what is -35 + 28?
-6
In base 2, what is 100011 + 111?
101010
In base 15, what is e2 + 68?
15a
In base 7, what is -24 + -1?
-25
In base 11, what is -29 + -149?
-177
In base 5, what is 2334404 + -10?
2334344
In base 9, what is -107 + 237?
130
In base 8, what is -114 - -4?
-110
In base 9, what is -5 + 54?
48
In base 11, what is -5 - -1766?
1761
In base 3, what is 11 + -110022?
-110011
In base 9, what is 18 - -1?
20
In base 14, what is -2 - a3c?
-a40
In base 16, what is -4545 - 0?
-4545
In base 6, what is -1541 - 55?
-2040
In base 5, what is 2432 - 22?
2410
In base 8, what is -150 + 1?
-147
In base 10, what is 15 - 168?
-153
In base 15, what is 11 + -29?
-18
In base 6, what is -13354 + -5?
-13403
In base 5, what is -41 + -1230?
-1321
In base 10, what is 13 - -64?
77
In base 9, what is 6 + -4?
2
In base 2, what is -1101 + 100100001?
100010100
In base 9, what is 216 - 6?
210
In base 13, what is -8 - 5?
-10
In base 7, what is 1 + 1550?
1551
In base 15, what is -13 + -15?
-28
In base 15, what is 51 - d?
43
In base 6, what is -1010 - -5?
-1001
In base 15, what is -3 - -1d9?
1d6
In base 6, what is 141 - -30?
211
In base 14, what is 2 - 52a?
-528
In base 5, what is -122 + -104?
-231
In base 14, what is 4c0 + 0?
4c0
In base 2, what is -1001101111001 + 100?
-1001101110101
In base 11, what is 43 + -12?
31
In base 15, what is -da + 5?
-d5
In base 10, what is 0 + -5?
-5
In base 16, what is 3e - 0?
3e
In base 3, what is -121 - 1110102?
-1111000
In base 16, what is -1 + 34?
33
In base 3, what is -221 - -11?
-210
In base 2, what is 0 + 100101?
100101
In base 13, what is -3 - -2196?
2193
In base 13, what is 40 - 2?
3b
In base 7, what is -31 + -413?
-444
In base 10, what is 49 - 4?
45
In base 8, what is -166 - 174?
-362
In base 4, what is -300020 - 10?
-300030
In base 5, what is 3130 - 130?
3000
In base 4, what is 122 - -1110?
1232
In base 9, what is 4 + -13?
-8
In base 2, what is -1101 - -11001?
1100
In base 10, what is 2 + 75?
77
In base 14, what is -dd - d?
-10c
In base 7, what is 14122 - -1?
14123
In base 5, what is -1 + 23133?
23132
In base 5, what is -23333 - -1?
-23332
In base 9, what is -23 - 58?
-82
In base 6, what is -3 - 2521?
-2524
In base 15, what is -640 + 0?
-640
In base 12, what is 144 + 0?
144
In base 11, what is -14 - 3?
-17
In base 6, what is 43301 - 1?
43300
In base 3, what is 111201 - 21?
111110
In base 8, what is 337 - 5?
332
In base 4, what is 1120 - -21?
1201
In base 11, what is 14 - -55?
69
In base 16, what is -54 - -16?
-3e
In base 2, what is 111 - 1011111?
-1011000
In base 9, what is 14 + -1413?
-1388
In base 4, what is 1301 - 103?
1132
In base 10, what is 935 - 0?
935
In base 13, what is -570 - -a?
-563
In base 13, what is -2 - 3c?
-41
In base 4, what is 122 - 13?
103
In base 9, what is 1 + -122?
-121
In base 12, what is -210b - 4?
-2113
In base 2, what is -11 - 11011000?
-11011011
In base 7, what is 36 - 55?
-16
In base 13, what is -2644 - 3?
-2647
In base 8, what is -2 + 4276?
4274
In base 5, what is 323243 + 3?
323301
In base 16, what is -2 - 9f5?
-9f7
In base 10, what is -91 + -1?
-92
In base 14, what is 58 - 5?
53
In base 5, what is 0 + 121?
121
In base 12, what is -1b45 - 5?
-1b4a
In base 15, what is -1 + -2411?
-2412
In base 5, what is -1 + -41?
-42
In base 5, what is -2100 + -2?
-2102
In base 7, what is 3 - 3215?
-3212
In base 16, what is -aeb + 4?
-ae7
In base 11, what is 4a4 + -4?
4a0
In base 7, what is 1 - -3150?
3151
In base 11, what is 6 - 136?
-130
In base 14, what is -44 + -39?
-7d
In base 7, what is 411 + -16?
362
In base 4, what is 11 + -21312?
-21301
In base 2, what is 110101101 + 100?
110110001
In base 4, what is 3101 + 0?
3101
In base 12, what is -2 + 3521?
351b
In base 11, what is -510 + 2?
-509
In base 11, what is 3 + 73?
76
In base 10, what is 1624 - 4?
1620
In base 12, what is -a03 - 1?
-a04
In base 15, what is b - 6?
5
In base 2, what is 1011000 - -1?
1011001
In base 10, what is -1 + 39?
38
In base 10, what is 6 + -480?
-474
In base 6, what is -110334 - 3?
-110341
In base 13, what is 2 - -14?
16
In base 11, what is 2 + 33?
35
In base 5, what is -210 - -3?
-202
In base 9, what is -222 + 2?
-220
In base 3, what is -10 - 121220?
-122000
In base 8, what is 54 + 7?
63
In base 9, what is 7 + -60?
-52
In base 2, what is -100 - -1111001100000?
1111001011100
In base 5, what is -200 - 31?
-231
In base 16, what is -3 - -cb?
c8
In base 5, what is -4 + -102?
-111
In base 2, what is -100 - 11011?
-11111
In base 7, what is -24331 - 5?
-24336
In base 8, what is 71 + -1?
70
In base 16, what is -8 - -34?
2c
In base 2, what is -1001 + 11101?
10100
In base 10, what is 254 + 4?
258
In base 8, what is -4 + -313?
-317
In base 16, what is 30 - 0?
30
In base 9, what is 13580 + -3?
13576
In base 14, what is 152 + -1?
151
In base 15, what is -116e - 0?
-116e
In base 6, what is 12 + -5?
3
In base 2, what is 11 + 11101110010?
11101110101
In base 3, what is 2 - -1010111?
1010120
In base 9, what is 2325 + -1?
2324
In base 4, what is 313 + 12?
331
In base 12, what is 53b6 + -4?
53b2
In base 4, what is 0 + 0?
0
In base 2, what is -100 + 111001?
110101
In base 10, what is -96 - 5?
-101
In base 2, what is 100110 - 111?
11111
In base 16, what is a + -69?
-5f
In base 3, what is -10 + 112200?
112120
In base 11, what is 40 + -2?
39
In base 15, what is -1 + -1c7c?
-1c7d
In base 14, what is 4 - b?
-7
In base 8, what is 16 - 5?
11
In base 9, what is -5 + -1746?
-1752
In base 16, what is -20f5 + 5?
-20f0
In base 12, what is 4 - -8a?
92
In base 13, what is 9 + 6?
12
In base 10, what is 2 - 121?
-119
In base 5, what is 212 + -4?
203
In base 6, what is 4530 - 1?
4525
In base 6, what is -131350 + 4?
-131342
In base 6, what is 51 - -14?
105
In base 3, what is -210022 - 2?
-210101
In base 4, what is -302 + -100?
-1002
In base 10, what is 17 + -9?
8
In base 10, what is 2040 + -3?
2037
In base 9, what is 164 - -3?
167
In base 4, what is 1 - -103?
110
In base 9, what is -3 - 24?
-27
In base 4, what is -122 - 12000?
-12122
In base 11, what is -9 + 4?
-5
In base 15, what is 6e3 - -11?
704
In base 7, what is 12 - 0?
12
In base 10, what is -61 - 0?
-61
In base 5, what is -1441 + -4?
-2000
In base 13, what is 7 - 5?
2
In base 4, what is 100321 + 11?
100332
In base 6, what is 5 - -112?
121
In base 13, what is -5 - 2b2?
-2b7
In base 13, what is 3 + 24?
27
In base 5, what is -42323 - 1?
-42324
In base 4, what is -2221102 - 2?
-2221110
In base 8, what is 57 - 33?
24
In base 8, what is -16 + 146?
130
In base 15, what is -12a9 + b?
-129d
In base 10, what is -4 - 111?
-115
In base 14, what is a8 + -1?
a7
In base 6, what is -5 + -10550?
-10555
In base 16, what is 6e + 1a?
88
In base 14, what is 13 + -79?
-66
In base 7, what is 22 + 2356?
2411
In base 7, what is 5111 - 4?
5104
In base 13, what is -5 + 19?
14
In base 6, what is -1043 + -4?
-1051
In base 11, what is -4 + -19